c) = -c**2 + 3*c - 1. Let a(p) = b(p) + h(p). What is the tens digit of a(1)?
7
Let m(c) be the first derivative of 20*c**3/3 - 9*c**2 + 54*c + 287. What is the hundreds digit of m(8)?
1
Let p(l) = -218*l - 2320. What is the hundreds digit of p(-19)?
8
Let v(t) = 105*t**2 + 84*t - 500. What is the tens digit of v(7)?
3
Suppose 65 = 5*g + 3*d, -3*d = 8*g - 4*g - 49. Let t be (7 - g/2)/((-2)/(-4)). What is the units digit of (t - (0 - -95))*-1?
7
What is the thousands digit of 45602/((1/4)/((-117)/(-936)))?
2
Suppose -7242 = -52*k + 35*k. Suppose 5*f - 837 - 1235 = -4*v, 0 = f - 5*v - k. What is the tens digit of f?
1
Let w(v) = -9*v**3 - 3*v**2 + v + 8. Let r be (64/(-24))/(16/24). What is the tens digit of w(r)?
3
Suppose 492367 - 300377 = 25*y - 1896635. What is the units digit of y?
5
Suppose -2*w - 146 + 4952 = 0. Suppose -6*d = 3*d - w. Let a = d + -155. What is the units digit of a?
2
Let a(o) = 27*o**2 - 11*o + 11. Let n be a(4). Suppose 4*k - 821 = 2*j + n, j = 2. What is the hundreds digit of k?
3
Suppose -7*m - 280 = -1743. Suppose -3*g + l + 389 = 0, 2*g = 5*l + m + 59. What is the tens digit of g?
2
Suppose -99 + 107 = -2*i. What is the units digit of i + 7/(49/4074)?
8
Let v be (-12)/(-36) - (0 + 636/(-9)). Suppose 0*j - n - 3 = -j, n + 19 = 5*j. Suppose 0 = 2*o + u - 95, -3*o + v = -j*u - 99. What is the tens digit of o?
5
Suppose 3*r = 5*q + 19514, 5*r - 4*r - 2*q - 6505 = 0. What is the thousands digit of r?
6
Let z(x) = -2*x**2 - 9*x + 5. Suppose -16 = 6*l + 14. Let c be z(l). Suppose -b - 5*a + 485 = 3*b, c = -4*b + 4*a + 476. What is the hundreds digit of b?
1
Let t be (6 + -8)*(-18)/4. Suppose -5*b = -1 - t. Suppose 2*l = -p + 52, -b*l - 196 = -4*p - 4*l. What is the units digit of p?
8
Let i(f) = 5*f + 25. Let m(c) = -4*c - 26. Let a(r) = 6*i(r) + 5*m(r). Let g be a(8). Suppose -5*p - l + 424 = -5*l, -3*l = p - g. What is the units digit of p?
8
Suppose -604 + 2750 = 2*y - 4*j, 3224 = 3*y - j. Suppose 4*l - p = 7192, -3*l + y = 2*p - 4319. What is the units digit of l?
8
Let a be (10/(-15))/(43780/21885 - 2). Let r = 2706 + a. What is the thousands digit of r?
1
Let v = -49155 - -86985. What is the ten thousands digit of v?
3
Suppose -5*v + 830 = -5*y, -3*v + 0*y = y - 518. Suppose 174*f = v*f + 807. What is the tens digit of f?
6
Let x be 892 - 8*6/(-6). Let v = 1803 - x. What is the units digit of v?
3
Let j be (3 - 4)/(2 + 465/(-232)). Suppose -24*c + j = -1040. What is the tens digit of c?
5
What is the hundreds digit of 6132980/1136 - 1/(-4)?
3
Let s(g) = 157*g - 3915. What is the tens digit of s(74)?
0
Let h(f) = 7*f + 29. Let j(w) = 1. Let u(r) = -h(r) + 4*j(r). Let i be -6 - 5*9/15. What is the units digit of u(i)?
8
Let l(b) = -b + 5 + 5*b**3 - b - b**2 - 1. Suppose -15 = -5*a - 3*c, -2*c = 2*a - 0 - 6. What is the units digit of l(a)?
4
Let w = 19711 - 14064. What is the units digit of w?
7
Suppose -365*w + 39512 = -361*w + y, -2*w = 3*y - 19756. What is the tens digit of w?
7
Let q be ((-3)/(-18)*0)/1. Suppose 4*t - 534 - 302 = q. What is the units digit of t?
9
Let g be (6/(-9))/(21/(-9) + 2). Let q(v) = -10*v**2 - 3*v**2 + 13*v**g - 7*v + v**3 - 8*v**2 - 16. What is the units digit of q(9)?
2
Let w(b) = -2 + 3*b**2 - 6*b - 1 - 4 - 4*b**2. Let o be w(-7). Let y = 57 - o. What is the units digit of y?
1
Suppose -4*t = -758 - 426. Let d = t + 393. What is the units digit of d?
9
Let x(p) = p**3 + 27*p**2 + 17*p + 8. Suppose -n = -0*n + 26. Let i be x(n). Suppose -1002 = -5*k - i. What is the tens digit of k?
5
What is the hundreds digit of (-7)/(-70)*-76*6620/(-4)?
5
Suppose -x = 2*m - 36064, -2*x = 35*m - 32*m - 54099. What is the thousands digit of m?
8
Let j be ((-4)/(-2) - (6 - 0)) + 12. Suppose j*p = 23*p - 5235. What is the hundreds digit of p?
3
Suppose 0 = -3*p + 6 - 9. Let z be 15*(5 - (p - 1)). Suppose 3*d - 5*o = 506, 2*d - 244 - z = o. What is the tens digit of d?
7
Suppose 0 = -2*g - 0*g - 4. Suppose -5*d - 100 = -90. What is the units digit of -32*3/g + d?
6
Suppose -15*t + 17*t - 4824 = 0. Suppose -4*a = -4*n - 5*a + t, -n - 5*a = -584. What is the tens digit of n?
0
Let c be ((-2)/8)/(35/(-560)). Suppose 1680 = c*w + 12*w. What is the tens digit of w?
0
Suppose -10*v + 15*q = -9*v - 17424, 0 = v - 2*q - 17515. What is the hundreds digit of v?
5
Let g = -50 + 51. What is the hundreds digit of 3 + (-7)/g + -5 + 268?
2
Let t be ((-438)/(-8))/(-8 - (-1156)/144). Suppose 0 = 36*c - t + 423. What is the tens digit of c?
4
Let i = 36041 - 18003. What is the tens digit of i?
3
Suppose -3*v = 2*a - 4*v + 157, 0 = -4*a + v - 317. Let t be ((-13)/(-2))/(8/a). Let k = 142 + t. What is the tens digit of k?
7
Let x be 1*(281 - (-2 - -5)). Let g be ((-27)/(-2))/(11 + 138/(-12)). Let l = x + g. What is the hundreds digit of l?
2
Let d(b) = 4*b**2 + 19*b + 12. Let h be d(-6). Suppose 23 = 2*l + 2*s - 1, 4*l + s - h = 0. Suppose -14*i + l*i = -700. What is the tens digit of i?
7
Let t(d) = -9*d - 330. Let m(c) = -13*c - 495. Let b(a) = 5*m(a) - 8*t(a). What is the units digit of b(-5)?
0
Let g = 817 + 801. Let i = g + -594. What is the tens digit of i?
2
Let v = 24799 - 1990. What is the tens digit of v?
0
Let l(s) = -11*s + 2542. Let j be l(0). Suppose 4*m + j = 3*u, -5*u - 30*m + 4234 = -34*m. What is the units digit of u?
6
Suppose 0*a = -5*a - g + 1433, -4*a + g = -1150. Let q = a + 9. What is the tens digit of q?
9
Suppose -4*f = 4*u - 500, 4*f = -2*u - 25 + 283. Suppose -2*v = -3 - 3, -u = c + 5*v. Let m = -130 - c. What is the units digit of m?
6
Suppose 0 = 2*x - 2*w - 312, -5*w - 784 = -5*x - 2*w. What is the tens digit of (-5 - -2) + x + 3?
5
Suppose 0 = 6*h - 2*h - 8. Let j be h/(8/(-2)) + (-319)/58. What is the units digit of (3/j)/(3/(-576))?
6
Suppose 5*j + 82 = 107. Suppose n - 68 = -3*y, 0 = -j*n - 2*y - 26 + 431. What is the tens digit of n?
8
Let h(z) = 2*z**2 + 5*z + 55. Let k be h(-9). Suppose -2*v + 4*r = -v - k, 3*v = r + 516. Let b = 56 + v. What is the hundreds digit of b?
2
Let q(x) = x + 15. Let j be q(-12). Let w be (30/18)/(1/j). Suppose -127 - 183 = -w*d. What is the tens digit of d?
6
Let t(h) be the third derivative of 11*h**5/12 + h**4/3 - 2*h**3/3 - 22*h**2. What is the hundreds digit of t(2)?
2
Let m be ((-9)/6)/((-2)/(-80)). Let y = 63 + m. Suppose -2*p - 4 = 0, y*a = -0*a + 5*p + 292. What is the units digit of a?
4
Suppose s - 8952 = -5*g - 1351, -2*g = 5*s - 3022. Suppose g = 16*d - 2223. What is the hundreds digit of d?
2
Suppose -8*x + 38 = -18. Suppose 2*t - 2223 = -x*t. What is the units digit of t?
7
Let m = 30 + -25. Suppose 0 = -m*x + 390 + 1045. What is the tens digit of x?
8
Suppose 43*t - 44*t - 5*w + 24 = 0, -t - 2*w = -9. Let s(z) = -2*z - z + 3 - 1. What is the units digit of s(t)?
5
What is the units digit of (8157 - (-110)/10) + (-1)/(-4)*4?
9
Let v = 32 - 30. Suppose -v*u = -8 + 2. Suppose -5*p - f + 290 = -0*f, -270 = -5*p + u*f. What is the units digit of p?
7
Let z(b) = b**2 + 15*b + 39. Let o be -6*6/(-9) + (-12 - 4). Let n be z(o). Suppose n*k + 3*j - 289 = -2*k, -4*k + 238 = -j. What is the tens digit of k?
5
Let g = -286 - -76. Let u be 184/(-3)*g/28. What is the units digit of (-3 - (4 + -2))*u/(-50)?
6
Suppose 3558880 = 45*b + 250*b. What is the hundreds digit of b?
0
Suppose -4*p - 8 = -2*p, -4*p - 31 = -5*x. Suppose 2*j + l - x = 8, 3*j - 2*l = 13. What is the tens digit of 6 - (j + 0) - (1 - 37)?
3
Let g(y) = -122*y + 3. Let x(p) = 123*p - 2. Let u(h) = 3*g(h) + 4*x(h). What is the units digit of u(1)?
7
Let c = -145 + 152. What is the tens digit of -1 - c - 3750/(-3)?
4
Let x = -120 + 129. Let k be 8/10*(x/2 + -2). Suppose -2 + 0 = k*u, -4*u = b - 203. What is the units digit of b?
7
Suppose 3*u - 5*h = 17, -5*u + 5*h = -4 - 21. Suppose -u*k - 3 + 15 = 0. Suppose -d - 2*d + 2*a + 433 = 0, k*d + 3*a - 453 = 0. What is the hundreds digit of d?
1
Let y(u) be the first derivative of -u**4/4 - 10*u**3/3 - 5*u**2 - 2*u - 1. Suppose 0 = 6*k + 38 + 16. What is the units digit of y(k)?
7
Suppose -5*l - 2*q = 1295, 5*q = -5*l + 3*l - 539. Let g = 311 + l. What is the tens digit of g?
5
Let k = -82 - -32. Let x = k + 19. What is the tens digit of (2/(-2)*x)/(4/12)?
9
Let t(z) be the third derivative of -223*z**4/24 + 55*z**3/3 + 108*z**2. What is the tens 